he tens digit of g(i)?
1
Let k be -26*((-1)/2 + 0). Let n = -8 + k. What is the units digit of n?
5
Suppose 2*l = -0*l + 56. Suppose -2*o - 5*p + l = 0, 0 = 4*o + 2*p + 11 - 35. Let f = o - 1. What is the units digit of f?
3
Let v(d) = 2*d**3 - 10*d**2 - 3*d + 10. Let c be v(7). Suppose -4*n + 3*l = -143, 6*n - 5*l - c = n. What is the units digit of n?
2
Suppose 0 = -l - 6 - 2. Let n = l + 14. Let p = 10 - n. What is the units digit of p?
4
Let b = 23 + -33. Let o(t) = -t + 12. Let h(w) = 2*w - 11. Let u(a) = 2*h(a) + 3*o(a). What is the units digit of u(b)?
4
Let r = -28 + 40. Suppose -r = -h + 11. What is the tens digit of h?
2
Suppose 0 = -16*p + 14*p + 188. What is the units digit of p?
4
Let v(x) = x**3 - 8*x**2 + 8*x - 4. Let p be v(7). Suppose -m = -p*m + 6. Suppose 2 = m*d + 2*d - s, 2*d + 3*s = 11. What is the units digit of d?
1
Let q(a) = -a**3 + 3*a**2 - 5*a**3 - 1 + a + 5*a**3. Let y(u) = 2*u**3 - 7*u**2 - 2*u + 3. Let p(r) = 5*q(r) + 2*y(r). What is the units digit of p(0)?
1
Suppose -s + 15 = 2*h, 0*s = -2*h - 5*s + 11. Let g(x) = 4*x + 5. Let d be g(-4). Let a = h - d. What is the tens digit of a?
1
What is the hundreds digit of (104/3 - 0)*(8 + 1)?
3
Suppose -3*v = -v. Suppose v*o = 5*o - 5. What is the units digit of o?
1
Suppose 0 = 4*n - 0*n - 92. Let m = -4 + n. What is the units digit of m?
9
Suppose -6 - 36 = -3*v + 3*a, 0 = -v - 5*a - 4. What is the units digit of 4/2 + 22/v?
4
Suppose 5*z + 9*o - 140 = 4*o, -5*z = 4*o - 145. What is the tens digit of z?
3
Let o(q) be the second derivative of -q**5/20 + q**4/6 + q**3/3 + 3*q**2/2 + q. Let d be o(3). Suppose d*c = -4*c + 16. What is the units digit of c?
4
Let y(a) = -46*a + 24. What is the units digit of y(-4)?
8
Let r(q) = 6*q + 2*q**2 - q**2 - 4*q. Let t be r(-3). Suppose g = -5*l - 20 + 67, -30 = -4*l + t*g. What is the units digit of l?
9
Suppose 7 = -5*t + 17. Suppose 5*u - 84 = t*u. What is the units digit of u?
8
What is the tens digit of (-29)/(-3 + (-8)/(-3))?
8
Let g = -394 - -638. What is the hundreds digit of g?
2
Suppose -12 = 3*l, 4*l + 3 + 16 = d. Let s be d/4 + (-1)/(-4). What is the tens digit of 4/(s*(-2)/(-5))?
1
Let y(a) = -3*a + 1. Let i be y(-1). Let p(s) = -s**2 + 6*s - 3. Let o be p(i). Suppose 4*h = 9 - 29, o*f = -5*h + 45. What is the units digit of f?
4
Let m(d) = -5*d**2 - d - 2. Let z be m(-2). Let x = 34 + z. What is the units digit of x?
4
Let n(d) = -5*d + 28. What is the units digit of n(-5)?
3
Let n = -13 - -54. What is the units digit of n?
1
Suppose 0 = 3*i - 2*i, 4*b + 3*i + 360 = 0. Let y = -56 - b. What is the tens digit of y?
3
Suppose 177 = 3*w - 6*w. Let z = w - -89. Suppose -2*t + 4*t = z. What is the units digit of t?
5
Suppose 0 = -4*i + 26 + 50. What is the tens digit of i?
1
Let i = 9 - -28. What is the tens digit of i?
3
Suppose o + 0 - 1 = 0. What is the units digit of o?
1
Suppose 3*w - 443 = -2*b, -3*b = -5*w + 529 + 184. What is the tens digit of w?
4
Let d(u) = -u**3 - u. Let i be d(-1). Suppose -i*c - 21 = 2*c - 5*t, c = -3*t + 16. Let n(b) = 3*b. What is the units digit of n(c)?
3
Suppose 7*x - 3*x - 132 = 0. What is the tens digit of x?
3
Let k(p) = 20*p**3 + p**2 + p + 5. What is the units digit of k(2)?
1
Let r(b) = 3*b + 3. Let u(l) = -l - 15 + 15. Let t be u(-4). What is the units digit of r(t)?
5
Suppose 0*n - 8 = -3*n + 2*q, n - 21 = -3*q. Suppose -f - u = -n*u, f + 2*u = 28. What is the units digit of f?
0
Suppose 3*m - l = -27, 0 = -m - 2*m + 5*l - 15. Suppose 2*q - 58 = -0*q + 3*n, 5*q - 103 = -3*n. Let v = q + m. What is the tens digit of v?
1
Let d = 102 + 29. What is the units digit of d?
1
Suppose -g + 6*g = 770. What is the hundreds digit of g?
1
Let b(p) = p**2 - 5*p**2 + 4*p - 3 + p**3 + p**2. Let m be b(2). What is the units digit of (m*-1)/((-3)/15)?
5
Suppose p - 4 = -0*p. Suppose 37 = -2*z + 5*z + p*y, 20 = -4*y. Suppose 0 = -4*r - n + 43, -r + n - 4*n = -z. What is the tens digit of r?
1
Let p be (-2 - 3)*(6 + 10). Let r = -31 - p. What is the units digit of r?
9
Suppose 5*a - 92 = -27. What is the units digit of a?
3
Let a(w) = -3*w. Let y be a(-2). Suppose -m + y + 5 = 0. What is the tens digit of m?
1
Suppose g - 8 = -6. Suppose 4*i - 10 = g. What is the units digit of i?
3
Suppose -5*z + 9 + 16 = 0. Suppose 3*m = z*m - 6. What is the units digit of m?
3
Let f(h) = -h - 3. Let z be f(-8). Suppose -6 = 3*p - z*p, -j = -p - 37. What is the units digit of j?
0
Let u(c) = -c**3 - 3*c**2 - 7*c - 8. Suppose -4*b - 24 = -b + 3*r, 0 = -3*b - 5*r - 32. What is the tens digit of u(b)?
3
Let o = 3 + 15. Suppose 5*k = 5*z, -6*z - 5*k = -2*z - o. Suppose -2*l - 4 = 0, -z*n + 2*l = -3*l - 16. What is the units digit of n?
3
Suppose 6*r - 29 = 139. What is the tens digit of r?
2
Let m = -25 - -61. What is the units digit of m?
6
Let v(s) = -13*s**2 + s**2 + 7 + 19*s**3 - 20*s**3. What is the units digit of v(-12)?
7
Let v(g) = g**3 - 10*g**2 + 12*g + 8. Let q be v(9). Let i = q + -14. What is the tens digit of i?
2
Suppose 3*i - 115 = 113. What is the tens digit of i?
7
Let j = 9 + -15. Let w = 0 - j. What is the units digit of w?
6
Let l(v) = -v**2 - 16*v - 4. What is the tens digit of l(-8)?
6
Let o be ((-2)/(-5))/((-3)/(-30)). Let s = o + -3. What is the units digit of 1*(-14)/(-1 - s)?
7
Let d = -5 - -5. Suppose d = -0*j - 2*j. Suppose -s + j + 6 = 0. What is the units digit of s?
6
Let u = 32 + -11. What is the tens digit of u?
2
Let r(g) = -g**3 + 11*g**2 + 7. Let l be r(11). Suppose 0 = -4*k, -3*v = -2*k + l*k - 42. What is the tens digit of v?
1
Suppose -386 + 932 = 2*d. What is the tens digit of d?
7
Suppose 0 = -8*k + 3*k + 105. What is the tens digit of k?
2
Let l(g) = -g**2 + 3*g + 4. Let a be l(3). Suppose a*s - 1 - 11 = 0. Suppose -s*p = -26 - 1. What is the units digit of p?
9
Suppose 0 = 3*u - 11 + 2. What is the units digit of (u + -2 - -8) + -3?
6
What is the units digit of -1 - 2/((-4)/74)?
6
Let r = -46 + 13. Let w be (-3 - -2) + r/(-3). Let s = 30 - w. What is the tens digit of s?
2
Let q = -24 + 44. Suppose -5*f + q = -5. What is the units digit of f?
5
Let r(o) = o - 2. Let h be r(2). Suppose d - 5*p - 17 = h, 4*d - 4*p - 1 = 51. What is the tens digit of d?
1
Suppose g + 196 = 5*g. Suppose 5*r + 3*i = -127, -3*r - 5*i + g = -6*r. Let k = -12 - r. What is the units digit of k?
1
Let d = 27 + -13. What is the units digit of d?
4
Let k be (-3)/(-2) - 15/10. What is the tens digit of (1 + k)*1*10?
1
Suppose 4*o + 8 = -0. Let w = 6 - o. What is the units digit of w?
8
Let s be (-91)/(-6) + (-2)/12. Suppose 0 = -3*w - 0 + s. What is the units digit of w?
5
Suppose -5*x + 4*z = 5*z + 1, 2*z = -2*x - 2. Suppose 0*v - 6 = -5*q + 4*v, x = 3*q - 3*v - 3. What is the units digit of q?
2
Suppose 0 = 3*b - 19*b + 3360. What is the units digit of b?
0
Let r be (-3090)/(-18) + (-4)/6. Suppose -5*b = h - r, 2 + 6 = -2*h. What is the tens digit of b?
3
What is the units digit of 124 - 12/(-8)*(-8)/(-12)?
5
Suppose -4*s = -3*f - 2*f + 21, -2*f + s + 9 = 0. Suppose -f*v + 115 = 20. What is the tens digit of v?
1
Suppose -5*j - 7 + 22 = 0. Suppose 0 = 4*k - j - 5. Suppose b + 20 = k*b. What is the tens digit of b?
2
What is the tens digit of -1 - -1 - (-199 - (9 + -4))?
0
Let y(t) = -t**2 - 7*t - 5. What is the units digit of y(-6)?
1
Suppose 193 + 269 = 7*m. What is the tens digit of m?
6
Let m = 60 - 101. Let v = -27 - m. What is the tens digit of v?
1
Let a(t) be the third derivative of -t**4/3 + t**3/6 + 3*t**2. What is the units digit of a(-2)?
7
Let x(u) = u - 1. Let m be x(-5). Let o(h) = h**3 + 7*h**2 + 7*h + 8. Let v be o(m). Suppose 2*z + 26 = v*t + 3*t, -5*z + 16 = t. What is the units digit of t?
6
Let w be 3*3/(27/(-15)). Let s = -2 - w. What is the units digit of s?
3
Suppose 0*q + 3*q = 159. What is the tens digit of q?
5
Suppose 13*g = 10*g + 831. What is the units digit of g?
7
Let y = 3 + 2. Let t = 9 + -5. Suppose -5 = -t*j + n + 5, y*n + 16 = 3*j. What is the units digit of j?
2
Let z(o) = -o**3 + o**2 + 3*o + 3. Let a be z(-2). Suppose 28 = -5*b - h, -6 - 5 = b + 2*h. Let f = b + a. What is the units digit of f?
4
Let i(v) = -v**2 - 6*v - 4. Let d be i(-3). What is the tens digit of ((-60)/d)/((-3)/3)?
1
Let u be (4/6)/((-4)/6). Let w be (u + 0)/((-1)/(-5)). What is the units 